.
11
What is the remainder when 17106 is divided by 241?
236
What is the remainder when 4854 is divided by 50?
4
Calculate the remainder when 1571 is divided by 351.
167
What is the remainder when 124463 is divided by 32?
15
What is the remainder when 578015 is divided by 287?
284
Calculate the remainder when 66854 is divided by 79.
20
Calculate the remainder when 37693 is divided by 183.
178
Calculate the remainder when 85 is divided by 24.
13
What is the remainder when 54985 is divided by 46?
15
Calculate the remainder when 518935 is divided by 12068.
11
Calculate the remainder when 29281 is divided by 123.
7
What is the remainder when 3834 is divided by 678?
444
What is the remainder when 9330 is divided by 4554?
222
Calculate the remainder when 1981886 is divided by 23.
22
Calculate the remainder when 51185 is divided by 787.
30
Calculate the remainder when 945802 is divided by 339.
331
Calculate the remainder when 1934953 is divided by 483737.
5
What is the remainder when 12198 is divided by 393?
15
Calculate the remainder when 2077 is divided by 1034.
9
What is the remainder when 172940 is divided by 31?
22
What is the remainder when 736 is divided by 154?
120
Calculate the remainder when 10057 is divided by 968.
377
Calculate the remainder when 13514 is divided by 287.
25
What is the remainder when 571194 is divided by 285594?
6
What is the remainder when 2084480 is divided by 416895?
5
What is the remainder when 161372 is divided by 25?
22
What is the remainder when 8175 is divided by 14?
13
What is the remainder when 1674 is divided by 48?
42
Calculate the remainder when 11343 is divided by 62.
59
Calculate the remainder when 425939 is divided by 20.
19
Calculate the remainder when 6425 is divided by 3194.
37
Calculate the remainder when 64737 is divided by 166.
163
What is the remainder when 145624 is divided by 145614?
10
Calculate the remainder when 4725 is divided by 1538.
111
What is the remainder when 6550 is divided by 409?
6
What is the remainder when 1648 is divided by 321?
43
What is the remainder when 9558 is divided by 291?
246
Calculate the remainder when 79206 is divided by 525.
456
Calculate the remainder when 2454 is divided by 276.
246
Calculate the remainder when 1479 is divided by 1477.
2
Calculate the remainder when 14388 is divided by 597.
60
What is the remainder when 431946 is divided by 815?
811
What is the remainder when 16853 is divided by 53?
52
What is the remainder when 8875 is divided by 456?
211
What is the remainder when 53544 is divided by 41?
39
Calculate the remainder when 9272 is divided by 175.
172
Calculate the remainder when 378996 is divided by 189498.
0
Calculate the remainder when 1193784 is divided by 9.
6
What is the remainder when 17054 is divided by 1894?
8
What is the remainder when 199176 is divided by 45?
6
Calculate the remainder when 51616 is divided by 89.
85
Calculate the remainder when 7581 is divided by 193.
54
What is the remainder when 3320 is divided by 536?
104
Calculate the remainder when 137270 is divided by 98.
70
Calculate the remainder when 604638 is divided by 74.
58
Calculate the remainder when 84256 is divided by 279.
277
Calculate the remainder when 2020813 is divided by 404162.
3
Calculate the remainder when 8636 is divided by 27.
23
What is the remainder when 19393 is divided by 330?
253
Calculate the remainder when 28036 is divided by 46.
22
What is the remainder when 591058 is divided by 591048?
10
What is the remainder when 74667 is divided by 4392?
3
What is the remainder when 9663 is divided by 4821?
21
What is the remainder when 105597 is divided by 7030?
147
What is the remainder when 14603 is divided by 44?
39
Calculate the remainder when 1280 is divided by 926.
354
What is the remainder when 64421 is divided by 21464?
29
Calculate the remainder when 432972 is divided by 753.
750
Calculate the remainder when 422449 is divided by 350.
349
What is the remainder when 5504 is divided by 808?
656
What is the remainder when 128063 is divided by 1970?
13
Calculate the remainder when 4318 is divided by 26.
2
Calculate the remainder when 60306 is divided by 119.
92
Calculate the remainder when 100377 is divided by 54.
45
What is the remainder when 31973 is divided by 14?
11
Calculate the remainder when 21466 is divided by 4293.
1
What is the remainder when 854266 is divided by 161?
0
What is the remainder when 968 is divided by 689?
279
Calculate the remainder when 4966042 is divided by 35.
32
Calculate the remainder when 43660 is divided by 90.
10
Calculate the remainder when 2723 is divided by 210.
203
Calculate the remainder when 4201 is divided by 683.
103
Calculate the remainder when 38980 is divided by 256.
68
Calculate the remainder when 2353 is divided by 209.
54
Calculate the remainder when 69772 is divided by 13952.
12
What is the remainder when 350634 is divided by 34?
26
Calculate the remainder when 8984 is divided by 107.
103
What is the remainder when 206846 is divided by 26?
16
Calculate the remainder when 28874 is divided by 175.
174
What is the remainder when 16746 is divided by 2722?
414
Calculate the remainder when 17525 is divided by 8402.
721
What is the remainder when 27493 is divided by 4?
1
What is the remainder when 12498 is divided by 12416?
82
Calculate the remainder when 4667 is divided by 477.
374
What is the remainder when 405 is divided by 3?
0
Calculate the remainder when 419694 is divided by 173.
169
Calculate the remainder when 79393 is divided by 26463.
4
Calculate the remainder when 403322 is divided by 16.
10
What is the remainder when 113927 is divided by 452?
23
Calculate the remainder when 119107 is divided by 1267.
9
Calculate the remainder when 18399 is divided by 93.
78
What is the remainder when 40369 is divided by 17?
11
Calculate the remainder when 5854 is divided by 101.
97
Calculate the remainder when 5557 is divided by 32.
21
What is the remainder when 1104 is divided by 1104?
0
Calculate the remainder when 14251 is divided by 14233.
18
Calculate the remainder when 40618 is divided by 4061.
8
What is the remainder when 5571 is divided by 101?
16
What is the remainder when 1563 is divided by 525?
513
Calculate the remainder when 26508 is divided by 757.
13
What is the remainder when 4740 is divided by 4718?
22
Calculate the remainder when 26256 is divided by 4271.
630
Calculate the remainder when 16159 is divided by 33.
22
What is the remainder when 20123 is divided by 265?
248
What is the remainder when 179252 is divided by 81?
80
Calculate the remainder when 56130 is divided by 33.
30
What is the remainder when 781 is divided by 601?
180
What is the remainder when 24679 is divided by 3525?
4
Calculate the remainder when 144879 is divided by 40.
39
What is the remainder when 78651 is divided by 212?
211
What is the remainder when 24083 is divided by 54?
53
What is the remainder when 986871 is divided by 240?
231
Calculate the remainder when 2820567 is divided by 149.
146
What is the remainder when 11347 is divided by 1038?
967
What is the remainder when 1956 is divided by 637?
45
Calculate the remainder when 2584 is divided by 555.
364
What is the remainder when 8285 is divided by 49?
4
Calculate the remainder when 4488 is divided by 114.
42
Calculate the remainder when 17284 is divided by 5548.
640
What is the remainder when 14831 is divided by 354?
317
Calculate the remainder when 70542 is divided by 121.
120
Calculate the remainder when 257127 is divided by 51423.
12
Calculate the remainder when 143646 is divided by 25.
21
Calculate the remainder when 10690 is divided by 2665.
30
What is the remainder when 59517 is divided by 153?
0
What is the remainder when 756 is divided by 421?
335
What is the remainder when 1737 is divided by 337?
52
What is the remainder when 48 is divided by 3?
0
What is the remainder when 111116 is divided by 949?
83
Calculate the remainder when 90081 is divided by 15008.
33
Calculate the remainder when 180234 is divided by 7.
5
Calculate the remainder when 7573 is divided by 25.
23
What is the remainder when 48532 is divided by 307?
26
Calculate the remainder when 766 is divided by 559.
207
Calculate the remainder when 488533 is divided by 101.
97
Calculate the remainder when 11902 is 